077 composite?
False
Is 48716273 prime?
False
Is 16467311 composite?
True
Is 8363963 a composite number?
True
Is 181996679 a composite number?
True
Is 50939569 prime?
False
Is 2074031 a composite number?
False
Is 820213 prime?
True
Is 2019937 composite?
True
Is 1411251 prime?
False
Is 79777319 a composite number?
False
Is 23439641 composite?
False
Is 258035033 a composite number?
False
Is 4752179 a prime number?
True
Is 6934439 a prime number?
False
Is 42254941 composite?
True
Is 297697223 a prime number?
True
Is 199280071 prime?
True
Is 116142577 a prime number?
True
Is 102704363 a prime number?
True
Is 6421219 a composite number?
True
Is 94494769 composite?
True
Is 99780929 composite?
True
Is 22322827 a composite number?
True
Is 46947377 a prime number?
True
Is 439541 composite?
False
Is 936743 a prime number?
False
Is 5604674 a prime number?
False
Is 2751227 a composite number?
True
Is 51859921 a prime number?
True
Is 21416321 composite?
False
Is 23848465 a composite number?
True
Is 15530917 composite?
True
Is 56718791 a prime number?
True
Is 364069 a prime number?
True
Is 10980811 composite?
False
Is 199872641 prime?
True
Is 37275307 composite?
False
Is 6666931 a composite number?
False
Is 156955229 composite?
True
Is 6569039 a composite number?
False
Is 13763537 prime?
False
Is 212126437 prime?
True
Is 6678271 composite?
False
Is 2552483 prime?
True
Is 1437487 composite?
True
Is 10942427 a composite number?
False
Is 55629619 composite?
False
Is 586329 prime?
False
Is 3110111 composite?
True
Is 100883 a prime number?
False
Is 56995739 a prime number?
True
Is 2644699 prime?
False
Is 4828981 prime?
False
Is 31763377 composite?
True
Is 63319241 composite?
False
Is 50523437 a composite number?
False
Is 368796703 a composite number?
True
Is 13817993 a composite number?
True
Is 11016251 composite?
False
Is 511813 a prime number?
False
Is 2739523 composite?
False
Is 1047511 prime?
True
Is 48346381 prime?
True
Is 127395131 a composite number?
True
Is 9388169 a prime number?
False
Is 70997239 a prime number?
False
Is 1988729 composite?
False
Is 163016443 prime?
True
Is 14641919 composite?
False
Is 295161433 a composite number?
True
Is 22304389 a prime number?
True
Is 2208767 a prime number?
False
Is 2289307 a prime number?
False
Is 16188157 prime?
False
Is 200951189 a prime number?
False
Is 389484709 a prime number?
True
Is 7110443 a composite number?
True
Is 1009211 a prime number?
False
Is 16264579 a prime number?
True
Is 169806271 prime?
True
Is 5663183 composite?
True
Is 157339883 composite?
False
Is 2967893 prime?
True
Is 144654533 a composite number?
False
Is 40441157 prime?
False
Is 2317267 prime?
True
Is 8604529 a composite number?
False
Is 20465803 composite?
False
Is 8417327 a prime number?
True
Is 141306281 composite?
True
Is 5978933 prime?
True
Is 707627 prime?
True
Is 87124327 prime?
False
Is 7719631 composite?
False
Is 36947549 composite?
True
Is 246762517 a prime number?
False
Is 15050291 composite?
False
Is 6679949 a prime number?
True
Is 131112697 composite?
True
Is 44282435 a prime number?
False
Is 1351045 a prime number?
False
Is 16319311 a composite number?
False
Is 2523073 composite?
True
Is 11367463 a prime number?
True
Is 494873 a composite number?
False
Is 10339763 composite?
True
Is 18847793 a composite number?
False
Is 4111463 a prime number?
True
Is 18981871 a prime number?
True
Is 23279143 prime?
False
Is 131264507 prime?
False
Is 1240511 a prime number?
True
Is 823057 a prime number?
False
Is 57632027 a prime number?
False
Is 119706857 a prime number?
True
Is 39538253 a composite number?
True
Is 93337403 a composite number?
False
Is 4874213 a prime number?
True
Is 45495913 prime?
True
Is 11281805 a composite number?
True
Is 2422477 prime?
True
Is 19708993 prime?
False
Is 187753 a composite number?
True
Is 195305423 composite?
True
Is 11767489 a prime number?
False
Is 28056221 a prime number?
True
Is 136779514 a prime number?
False
Is 3816097 a prime number?
False
Is 3838078 a prime number?
False
Is 2913179 a prime number?
True
Is 152070173 composite?
False
Is 23089111 a prime number?
False
Is 169720081 prime?
True
Is 121078183 composite?
False
Is 6003817 a prime number?
False
Is 220235737 a composite number?
False
Is 1457143 a composite number?
False
Is 42346531 composite?
False
Is 4835326 a composite number?
True
Is 4021651 prime?
True
Is 14284363 composite?
False
Is 28981047 a prime number?
False
Is 262189 a composite number?
True
Is 91073933 composite?
True
Is 147417437 prime?
True
Is 14893811 a composite number?
True
Is 3912659 composite?
True
Is 7365707 prime?
False
Is 315404917 a prime number?
True
Is 2034859 composite?
True
Is 54025063 a prime number?
True
Is 41576827 composite?
False
Is 55335965 a composite number?
True
Is 20115367 prime?
True
Is 2564701 a prime number?
True
Is 616006 a composite number?
True
Is 357915839 a prime number?
True
Is 2068433 composite?
True
Is 76766399 composite?
False
Is 8229673 composite?
True
Is 256216687 a composite number?
False
Is 10986211 a prime number?
False
Is 2453851 a prime number?
False
Is 2443781 a composite number?
False
Is 1991463 composite?
True
Is 113484101 a prime number?
True
Is 3657079 prime?
True
Is 7592159 a prime number?
True
Is 3422737 prime?
True
Is 95945987 composite?
False
Is 4254853 a composite number?
False
Is 3345773 a prime number?
False
Is 99771949 a prime number?
True
Is 345866 a composite number?
True
Is 4761178 prime?
False
Is 45338791 prime?
True
Is 48218119 composite?
False
Is 1012369 prime?
True
Is 94317141 composite?
True
Is 1209007 composite?
False
Is 111663913 a composite number?
False
Is 6517021 a composite number?
True
Is 775793 a composite number?
True
Is 1059467 prime?
True
Is 93614749 prime?
False
Is 64909697 prime?
False
Is 2733569 a prime number?
False
Is 1164253 a prime number?
True
Is 2444639 prime?
True
Is 657649 a composite number?
False
Is 130029347 prime?
False
Is 70098167 a prime number?
True
Is 66982381 a prime number?
True
Is 205222711 composite?
False
Is 342471 a prime number?
False
Is 19089947 a prime number?
True
Is 253776473 a composite number?
False
Is 27811373 prime?
False
Is 1131147467 prime?
True
Is 7238633 a prime number?
True
Is 22380217 a prime number?
True
Is 4789861 composite?
True
Is 165616771 composite?
True
Is 41076877 a composite number?
False
Is 179077138 prime?
False
Is 10560097 composite?
True
Is 39468155 a prime number?
False
Is 89307199 a prime number?
True
Is 9947981 a prime number?
False
Is 7276979 composite?
False
Is 801742 a composite number?
True
Is 7865423 composite?
True
Is 16789 prime?
False
Is 21780431 prime?
True
Is 2508658 a prime number?
False
Is 4228751 composite?
True
Is 708767915 prime?
False
Is 86535699 a prime number?
False
Is 268397 a prime number?
False
Is 235367651 composite?
False
Is 103951567 prime?
False
Is 5524223 a prime number?
False
Is 11027249 a composite number?
True
Is 53263217 a composite number?
True
Is 10323349 composite?
True
Is 84566689 a prime number?
True
Is 33087223 a prime number?
False
Is 443851 prime?
True
Is 47892557 a prime number?
False
Is 4066399 a prime number?
False
Is 96217031 a composite number?
True
Is 212912527 prime?
True
Is 3472481 composite?
True
Is 13021761 a prime number?
False
Is 439597831 composite?
False
Is 755117522 a composite number?
True
Is 2162921 composite?
True
Is 10618199 composite?
False
Is 11853449 composite?
False
Is 17183009 prime?
True
Is 206653 prime?
False
Is 6837665 a prime number?
False
Is 936577 composite?
False
Is 3221899 a composite number?
False
Is 7569743 composite?
True
Is 9413633 a composite number?
False
Is 2738899 a prime number?
True
Is 558007 prime?
True
Is 60011663 a prime number?
True
Is 2049041 a composite number?
False
Is 22139417 a prime number?
False
Is 9451727 a prime number?
False
Is 2216989451 prime?
True
Is 24010765 a composite number?
True
Is 1817337 prime?
False
Is 844957 a composite number?
False
Is 2472297 a prime number?
False
Is 467454149 a prime number?
True
Is 891638693 composite?
True
Is 106812283 a prime number?
False
Is 135813917 composite?
False
Is 7558541 a prime number?
True
Is 189980647 composite?
False
Is 5893609 composite?
False
Is 208271827 prime?
True
Is 1463261051 prime?
False
Is 16511